etermine c(-4).
21
Let w(q) = -39*q + 7*q**2 - 4 + 82*q - 2*q**3 - 23*q - 11*q. Calculate w(-3).
86
Let z = 361 - 356. Suppose q + 1 = -4*s, -4*s = -6*q + 11*q + z. Let j(l) = 0*l + l - 2 - 4 - l**2. Determine j(s).
-6
Let u be 80/(-28)*21/(-6). Let y(i) = -6*i + 6*i - 7*i + 7 + u*i**2 - i**3 - 4*i**2. Suppose -w + 3*d = -0*w - 5, 2*w - 10 = 5*d. Calculate y(w).
-3
Let a be 120/100*5*1. Let i be 8/3*(-9)/a. Let j(h) = -2*h + 6 - 25 + 8 + 10. Give j(i).
7
Let w(n) = n**2 + 2*n + 2. Let s = 209 - 133. Suppose -35*p = -16*p - s. Calculate w(p).
26
Let q = -7 - -9. Let v = 368 - 357. Let l(c) = -c**q - v*c - 15*c + 18*c. What is l(-8)?
0
Let l(h) be the second derivative of h**3/2 + 7*h**2/2 + 797*h. Give l(-5).
-8
Suppose -29*k - 238 = 11*k - 57*k. Let j(b) = -b**2 + 14*b + 4. Give j(k).
4
Let p be -8 + 40/10*(5 - 2). Let l(d) = -6*d**3 + 6*d**2 - 4*d + 10. Let s(j) = j**3 - 1. Let v(g) = -l(g) - 5*s(g). Calculate v(p).
-21
Let z(q) = -4*q - 4. Let x(l) = -3*l**2 + 5*l + 25 - 36 + 8 + l**3. Let o be x(2). Calculate z(o).
-16
Suppose 5*d - 5*t = -t - 12, -d + 2*t = 0. Let r(a) = -a**3 - 4*a**2 - 6*a - 26. What is r(d)?
-2
Let t(k) = k**3 + 11*k**2 - 27*k - 8. Let g be t(-13). Let o(b) = -b + 0*b - 254*b**3 - g - 256*b**3 + 509*b**3. Calculate o(0).
-5
Let g(o) = -o**3 + o**2 + 7*o + 3. Let t be (10/3)/(18 + (-1133)/66). Give g(t).
-17
Let x(u) be the third derivative of -u**6/120 - u**5/20 + u**4/4 + u**3/3 + 2*u**2. Suppose 0 = 308*t - 313*t + 2*w - 10, -t + 21 = -5*w. Calculate x(t).
-6
Let d(m) = m**3 - 37*m**2 - 41*m + 118. Suppose -200 = -5*n + 2*f, -5*n - 2*f + 166 = -14. Give d(n).
4
Let x(o) = -4*o + 1. Let l(w) = 5*w**2 + 155*w + 540. Let j be l(-27). Determine x(j).
1
Let v(f) = 4*f + 4. Let s(g) = -5*g - 3. Let p(u) = -3*s(u) - 2*v(u). Let z = -377 + 589. Let r = 213 - z. Calculate p(r).
8
Let p(c) be the first derivative of 11*c**2/2 + 2*c + 85. Suppose 0 = -178*y + 171*y + 14. Calculate p(y).
24
Suppose 38*k - 3967 = -269*k + 2173. Let j(n) = -4*n + 57. Determine j(k).
-23
Let q(s) = -11 + 81 - 147 + 75 + s. Let v be (2/1 - 1)/1. Let f = v - 8. Calculate q(f).
-9
Let p(h) be the first derivative of h**3/3 - 6*h**2 - 3*h + 1731. Calculate p(14).
25
Let c(h) = 2*h**2 - 128 + 129 + h**3 + h**2 - 6*h. Let n(y) = 0*y**2 - 2*y**3 + 4*y + 8*y - 2 - 5*y**2. Let p(u) = -7*c(u) - 3*n(u). What is p(-7)?
6
Let h(i) = 5*i + 7*i - 193 - 3*i - 4*i + 204. Determine h(-7).
-24
Let r(g) = 2*g**2 + 38*g + 119. Let s be r(-15). Let q be (-2 - s)/((9 - 1)/8). Let p(z) = 5*z. Let i(h) = 9*h. Let y(b) = 4*i(b) - 9*p(b). Determine y(q).
9
Let b(t) = -10*t + 40. Let y(g) = 3*g - 14. Let f(o) = -2*b(o) - 7*y(o). Determine f(-8).
26
Let p be 81/729 + 2/(-18). Let v(q) be the third derivative of -17*q**2 + 0 + 1/12*q**4 - 2/3*q**3 + p*q. Give v(6).
8
Let b be (-14 + 4 - -18) + -22. Let p(s) = -s**2 - 19*s - 36. Determine p(b).
34
Let m(q) = -3*q + 9*q - 6*q**2 + 4*q**2 - 10 + q**2 - 2*q. Let p(z) = 12*z**2 - 29 + 7*z - 14*z**2 + 8. Let t(a) = 5*m(a) - 3*p(a). Give t(0).
13
Let w(k) be the second derivative of -3*k**4/4 + k**3/3 + k**2/2 + 61*k - 13. Let s(h) = -12*h + 34. Let l be s(3). What is w(l)?
-39
Suppose -4*m - 1548 + 1528 = 0. Let v(w) = -w**3 - 5*w**2 + 3*w. Give v(m).
-15
Let r be 4/(-30)*-3*5. Let a(l) = -r + 4 + 0*l + 1 + 2*l. Let x = -49 + 47. Calculate a(x).
-1
Suppose 6 = -98*j + 104*j. Let w(g) = g**2 - 33*g + 31. Let f be w(j). Let h(d) = 7*d**3 - 2*d - 1. Calculate h(f).
-6
Let b(p) = 4*p**2 + 32*p + 2. Let t be b(9). Let n = t - 611. Let u(l) = -3*l + 3. Calculate u(n).
-6
Let s(j) = 26*j + 41 - 21 + 38 - 11*j - 21*j. Determine s(8).
10
Let s(w) = -48*w + 499. Let k be s(10). Let i(a) be the first derivative of 3*a + k + 1/4*a**4 - a**3 - 5/2*a**2. Calculate i(4).
-1
Let u(z) be the first derivative of 1/20*z**5 + z**2 + 24*z - 1/3*z**3 + 9 - 1/4*z**4. Let i(m) be the first derivative of u(m). Determine i(3).
-4
Suppose 7*n = 2*n - 5, 5*g - 2*n = -58. Let d(a) be the first derivative of a**2/2 + 883. Determine d(g).
-12
Let w(k) = -k**3 - 4*k**2 - 3*k - 6. Let f be (-765)/(-306)*(96/15)/(-4). What is w(f)?
6
Let n = 4 + -5. Let h(b) = -12*b - 5. Let c(y) = 90*y + 15. Let d(j) = -43*j - 8. Let u(s) = 4*c(s) + 9*d(s). Let x(l) = -5*h(l) + 2*u(l). Give x(n).
-5
Let j(r) = -r**3 - 4*r**2 + 21*r + 88. Let l(m) = -m**2 + 187*m - 736. Let p be l(4). Calculate j(p).
4
Let z(r) = 5*r - r**2 + 3 - 13 - 2*r + 7. Let g(a) = -2*a**2 + 5*a - 7. Let h(t) = 2*g(t) - 5*z(t). Give h(6).
7
Let g(j) = 3233 + 2*j + 2090 - 5279. Suppose 4*a + 52 = -2*d, 0 = 4*d + 3*a - 57 + 151. Give g(d).
0
Let u(f) be the first derivative of -1/2*f**2 - 6*f - 10. Suppose -m + 2*q = 4*m + 45, 4*q - 27 = 3*m. What is u(m)?
3
Let a(n) = -5*n + 2. Suppose 5*o + f + 8 = 103, 0 = 4*f. Let x = -31771 - -31754. Let v = o + x. What is a(v)?
-8
Let o(n) = -19*n - 5 - 13*n + 3 - 6*n**2 - 22*n**3 + 42*n**3 - 21*n**3 + 29*n. Let x = 1 - 1. Suppose 0 = -w, x = 5*u - 2*w + w + 20. What is o(u)?
-22
Let t(h) be the third derivative of 5*h**4/24 - 5*h**3/6 - 78*h**2 - 35. What is t(-13)?
-70
Suppose 0 = 5*r - 4*i - 71, -5*i - 56 + 47 = r. Let x(n) be the second derivative of r*n + 1/20*n**5 + 5/12*n**4 + 2/3*n**3 + 0 + n**2. Give x(-3).
8
Let a = 103 + -92. Let j(w) = -11*w**3 - 10*w**2 - 6*w + 21. Let c(z) = -9*z**3 - 10*z**2 - 7*z + 20. Let k(y) = 6*c(y) - 5*j(y). Calculate k(a).
4
Let p(u) = 4*u - 28. Suppose 0 = -109*t + 121*t. Calculate p(t).
-28
Let r(a) = -2*a**2 + 31*a + 115. Let m be -1*(17 - 11)/2. Give r(m).
4
Let c(x) be the first derivative of 4*x + 3*x**2 + 5/3*x**3 + 1 + 1/4*x**4. Let g(l) = l**3 + 6*l**2 + 7*l + 5. Let u(r) = 4*c(r) - 3*g(r). Calculate u(-2).
-5
Let q(d) = -5*d**3 - d**2 + d + 1. Let t(u) = -27*u**3 + 17*u + 12. Let i(p) = -5*q(p) + t(p). Calculate i(-1).
2
Let w(g) = 28*g + 474. Let p be w(-17). Let y(j) be the first derivative of j**4/6 + j**3/6 + j + 2. Let s(o) be the first derivative of y(o). Determine s(p).
6
Suppose 37*x - 2156 + 898 = 0. Let l(n) = -n**2 + 39*n - 170. What is l(x)?
0
Let s(y) be the first derivative of 4*y**3/3 - 3*y**2 + 8*y - 15. Let j(a) = 17*a**2 - 24*a + 33. Let u(p) = -2*j(p) + 9*s(p). Give u(4).
14
Let s(v) be the first derivative of -v**2/2 + 2*v + 45. Let u(y) = 7*y - 11. Let r(m) = -6*s(m) - u(m). Let j = -1 + 0. What is r(j)?
0
Suppose 0 = -i + 4*g + 10, -6*g + 10*g + 16 = -2*i. Let l be (-196)/(-42) - i/(-3). Let u(v) = -v**3 + 3*v**2 + 4*v - 4. Determine u(l).
-4
Let o(u) = u**3 + 7*u**2 - 10*u - 6. Let g = -86 - -175. Suppose -2*z + 73 = g. Give o(z).
10
Let y(u) = u**2 - 115 + 450 - u - 111 - 116 - 120. Let l(z) = z**2 + 2*z + 1. Let t be l(-1). What is y(t)?
-12
Let z(a) = a**3 + 14*a**2 + 13*a + 4. Suppose -51*c = -79*c - 364. Calculate z(c).
4
Suppose -a = -0*l + 5*l - 43, -a = 2*l - 19. Let i(m) be the third derivative of m**4/24 + m**3/6 + m**2. Determine i(l).
9
Let g(d) = d**2 + 4*d + 3. Let z(w) = 6*w**2 + 10*w + 3. Let h be z(-2). Suppose q + h*q = q. Suppose q = -5*v - 7 - 13. What is g(v)?
3
Let p(y) be the second derivative of y**3 + y**2/2 + 12*y. Let o = 5 - 3. Suppose -5*f + 2*f - 2*s + 13 = 0, -3*f + s - o = 0. Determine p(f).
7
Let k(u) = -u - 9. Let p be ((-65)/4 - -2) + 9/(-12). Let o be k(p). Let w(g) = g + 1. What is w(o)?
7
Let u(t) = -t. Suppose 2205 + 7975 = 10*f. Let y(d) = -9 - d**3 + 0*d**3 + 1002*d - 9*d**2 - f*d. Let h be y(-7). What is u(h)?
-5
Suppose 35*d = 23*d + 60. Suppose 2*r + d*i = 25, -2*r + 5 = 2*r - 5*i. Let l(g) = 2*g - 10. What is l(r)?
0
Let h(l) = -3*l**2 + 5*l + 2. Let z be h(2). Suppose z = -8*j - 101 + 69. Let k(c) = -c**3 - 6*c**2 - 5*c + 1. Give k(j).
-11
Let u(x) = -4*x + 2. Let h(l) = -29*l + 34. Let c(j) = 2*h(j) - 14*u(j). Determine c(22).
-4
Let j = 2 - 2. Let i(a) = a**2 - 11*a + 24. Let o be i(9). Let p(x) = 1 - 1 - o - x**3 + 1. Give p(j).
-5
Let k(x) = -6 - 14199*x**3 + 28402*x**3 + 4*x + x**2 - 14202*x**3. Give k(2).
14
Suppose j + 2*o = 2*j - 14, -6 = -3*j - 3*o. Suppose b + 4 = j. Let d(k) = 0*k + 3*k + 2*k**2 - 3*k**2 - 17 + 16. Calculate d(b).
1
Suppose -4*o = -3*g - 20, -3*g - g = -5*o + 25. Suppose -v - m - 14 = -5*m, m + 7 = -o*v. Let n(k) = k + 1. Give n(v).
-1
Let h(x) = -6 - 453*x + 472*x - 28 - 7. What is h(6)?
73
Let z(t) = 5*t + 39. Let h(j) = 429